?
3
Suppose 4*g + 10 = -h - 8, 4*h + 24 = -4*g. Let n = h - -5. What are the prime factors of n?
3
Let p = -11 - -13. List the prime factors of p/(-5) - 5453/(-95).
3, 19
Let x(q) = -q**3 - 9*q**2 - 2*q - 10. Let s be x(-9). Suppose -s - 22 = -p. What are the prime factors of p?
2, 3, 5
Let d = -8 + 26. Suppose -d = -4*f + 122. List the prime factors of f.
5, 7
Let p(a) = a**3 - 6*a**2 + 5*a + 4. Suppose 5*h + 20 = -5*c, -5*h + c = 3*c + 5. Let z = 4 + h. What are the prime factors of p(z)?
2
Let o be 4 + (-2)/(-4)*0. Suppose -8*l = -o*l - 32. List the prime factors of l.
2
Let o(k) be the third derivative of -k**5/20 + 2*k**3/3 + k**2. Let u(v) = -2*v**2 + v + 3. Let t(m) = -3*o(m) + 4*u(m). What are the prime factors of t(-6)?
2, 3
Let c(z) = 12*z**2 + 6*z - 4. List the prime factors of c(-3).
2, 43
Let t = -12 - 2. Let a be (-4)/(-14) + 648/t. Let n = a - -68. List the prime factors of n.
2, 11
Let z be ((-2)/6)/((-1)/27). Let w = z + -12. What are the prime factors of (w/1)/((-3)/15)?
3, 5
Let y(r) be the first derivative of r**2/2 - 3*r + 2. Let m be y(7). Suppose -m*o = -j + 14, 22 = j + j - 2*o. List the prime factors of j.
2, 5
What are the prime factors of 3/9*69*1?
23
Let z = 55 + -20. What are the prime factors of z?
5, 7
Let z = 389 + -50. What are the prime factors of z?
3, 113
Suppose 16 + 8 = 4*c. Suppose u = -u + c. What are the prime factors of u?
3
Suppose 5*h + w - 719 = 686, -2*h = -w - 569. What are the prime factors of h?
2, 3, 47
What are the prime factors of (6/(-8))/((1 + -6)/200)?
2, 3, 5
Let q = 158 - 80. Suppose -p + 3 = -2, 2*p - q = -v. Suppose 3*w - 2*g - v = -18, -5*g + 28 = w. List the prime factors of w.
2, 3
Let j(t) = 2*t**2 - 13*t + 1. Let m(l) = -l**2 + l + 9. Let c be m(0). What are the prime factors of j(c)?
2, 23
Let c(m) = -m**2 + 8*m - 5. Let j = 2 + -8. Let f(a) = a**2 + 6*a + 7. Let t be f(j). List the prime factors of c(t).
2
Suppose 3*j = -0*j + x + 23, 19 = 3*j + x. What are the prime factors of j?
7
Let o = -135 + 155. What are the prime factors of o?
2, 5
Suppose 3*v + 5 = -4. Let g(z) = -z**3 - z**2 - 3*z + 8. Let s(m) = m**3 + m**2 + 4*m - 9. Let b(h) = 7*g(h) + 6*s(h). What are the prime factors of b(v)?
11
Let g(v) = v**2 - 6*v - 7. Let l be g(7). Suppose -4*u + 52 = -l*u. What are the prime factors of u?
13
Suppose -3*v = 3*y - 2 - 43, y + 30 = 2*v. Suppose 5*h - 30 = s, -5*s + 2*s - 4*h - 14 = 0. Let t = s + v. What are the prime factors of t?
5
Let i(y) = y**3 + 2*y**2 - 4*y - 1. Let b be i(-3). Suppose 1 = -b*c + 3*c. Let p = c - -6. List the prime factors of p.
7
Let z(p) = -2*p + 10. Let r be z(5). Suppose r = 4*y - 5*o - 47, 3 = 3*y + 4*o - 9. What are the prime factors of y?
2
Let u(m) = 3*m**2 - 8*m - 1. Let p(z) = -z**2 - z - 1. Let s(x) = -2*p(x) - u(x). List the prime factors of s(9).
2, 3
What are the prime factors of 93 - 2 - (-6 - -8)?
89
What are the prime factors of 8 - (8 + -4) - -1?
5
Let i = 7 + -5. Suppose 5*y - 85 = -5*q, 2*y = -0*q + i*q + 38. List the prime factors of y.
2, 3
Let k be -18*(20/3)/5. List the prime factors of k/(-1*6/4).
2
Let y = -5 + 8. What are the prime factors of 1/(y*1/6)?
2
Suppose -22 = 45*r - 46*r. What are the prime factors of r?
2, 11
Suppose -2*x - 7 = -9. Let j = 12 - x. What are the prime factors of j?
11
Let m(o) = o**2 + o - 1. Let y be m(0). Let h(g) = 7*g**2 + 2*g + 1. Let u be h(y). What are the prime factors of ((-10)/3)/((-2)/u)?
2, 5
Suppose l = a + 3, 2*l + l + 2*a - 9 = 0. Let q = -2 + l. List the prime factors of q/2 - (-50)/4.
13
Let h(v) be the third derivative of 0*v + 1/60*v**5 + 0 - 7/6*v**3 + 3*v**2 - 1/3*v**4. What are the prime factors of h(10)?
13
Let p(n) = 4*n. Suppose 4*v + 8 = 4*b - 8, -3*b - v - 4 = 0. Suppose -5*u = 4*x - 37, 2*x = -b*x - 2*u + 16. List the prime factors of p(x).
2, 3
Suppose -r = 2*t - 18 + 44, -4*r - 3*t = 124. Let v be r/(5 + -3 - 3). Let s = v + -18. List the prime factors of s.
2
Let j(x) = 3*x - 87. Let n(s) = 5*s - 131. Let v(w) = -8*j(w) + 5*n(w). List the prime factors of v(0).
41
Let z = 104 - 53. List the prime factors of z.
3, 17
What are the prime factors of -831*2/(-6) + -2?
5, 11
Let j = 186 + -86. What are the prime factors of j?
2, 5
Let t(d) = -6*d + 3. Let j be t(-6). Suppose -3*a + 3 - j = -4*g, 0 = -g. Let n = -4 - a. What are the prime factors of n?
2
Let f = 150 + 15. List the prime factors of f.
3, 5, 11
Let n(g) = 12*g**2 + 4*g - 16. What are the prime factors of n(4)?
2, 3
Let p be (-6)/(-8) + (-85)/(-20). Suppose 3*z - 16 = p. List the prime factors of z.
7
List the prime factors of (-6)/(-12) + 15/6.
3
Suppose 6 = 2*z - 2. Let j = z + -4. Suppose j = 4*v + v - 20. What are the prime factors of v?
2
Let y = -7 + 5. Let k = y + 5. Suppose -k*b = -b - 34. What are the prime factors of b?
17
Suppose -3*b - 2*s + 6 = 0, -4*s = -b + 5 - 17. Let g(c) = c**3 + c**2 + c + 15. List the prime factors of g(b).
3, 5
Suppose -11 - 4 = 2*k + 5*x, 0 = 3*k + x - 10. Suppose 4*j = -k*p + 54, -8*p + 4*p - 4*j = -44. List the prime factors of p.
2, 5
List the prime factors of 23 - (-1 - 0)*2.
5
Suppose q + 60 = 2*q. List the prime factors of q.
2, 3, 5
Let o = 26 - 14. What are the prime factors of o?
2, 3
Let q = 22 - -13. List the prime factors of q.
5, 7
Let c = -9 - -25. List the prime factors of c.
2
Let d(y) = -12*y. List the prime factors of d(-2).
2, 3
Let f = 14 - 20. What are the prime factors of (-1508)/(-39) + 4/f?
2, 19
Let q = 154 - 84. What are the prime factors of q?
2, 5, 7
Let z(i) = i**2 + 3*i - 2. Let t be z(-6). Let o = -9 + t. Let w(m) = m**2 - 6*m + 5. What are the prime factors of w(o)?
2, 3
Let a = 4 - 5. List the prime factors of 1/(-3)*-3 - a.
2
Let g(o) = o**3 + 7*o**2 + 5*o + 2. What are the prime factors of g(-6)?
2
Suppose -2*g - 4*q = 56, -3*g = 2*g + 2*q + 148. Let b = 47 + g. Suppose -d = -l - 0*l + b, 3*d = -15. What are the prime factors of l?
2, 3
Suppose -3 + 0 = -3*o. What are the prime factors of (-2)/o + (4 - -5)?
7
Let l(d) = 0*d**2 + 2*d**2 - 6*d - 3*d**2 + 6. Let q be l(-6). Suppose -q*h = -2*h - 8. List the prime factors of h.
2
Let b be -17 + (2 - 3) + 5. Let g = b + 33. List the prime factors of g.
2, 5
Let l(h) = -8*h - 2. Let c be l(-2). Suppose -5*s = 3*d - s - 22, -d = -4*s + c. Suppose -2*r = -d*z - 20, -2*r + 22 = -z - 0*z. List the prime factors of r.
2, 3
Let o(b) = 19*b - 41. List the prime factors of o(8).
3, 37
Suppose -4*l = -h - 275, 3*l + 3*h - 125 = 100. List the prime factors of l.
2, 5, 7
Let t be 14/35 + 116/10. Suppose t = 3*a - 2*o, -2*a - 4 = 2*o - 12. What are the prime factors of a?
2
Let m = -12 + -8. Let o be 45/4 - (-5)/m. Let d = o + -3. What are the prime factors of d?
2
Let s(i) = 5*i**3 - 2*i + 1. Let v be s(1). Suppose 17 = q - v*a - a, 5*a = -q + 67. What are the prime factors of q?
2, 3, 7
Suppose 2*z + 2*z + 168 = 0. Let b be ((-2)/6)/(7/z). Suppose b*w + a - 7 = 7, 5*w - 61 = 4*a. What are the prime factors of w?
3
Let r(n) = n**3 - 3*n**2 + 4*n + 8. What are the prime factors of r(5)?
2, 3, 13
Let f(h) = 3*h + 1. Let c be f(4). What are the prime factors of c - (-5)/((-10)/(-6))?
2
Let y(o) = 3*o**2 + 5*o + 5. What are the prime factors of y(6)?
11, 13
Suppose -4*g + 80 = -316. List the prime factors of g.
3, 11
Let h(b) = b**2 - 2*b - 1. Let f = -3 - -2. Let m be h(f). Suppose -m*v + 6*v - 9 = q, 0 = 3*q + 4*v - 53. What are the prime factors of q?
11
Let o(u) = -10*u - 2. Let i(n) be the first derivative of 15*n**2/2 + 3*n - 1. Let k(p) = -5*i(p) - 8*o(p). List the prime factors of k(2).
11
Suppose 5*t = 4 + 1. What are the prime factors of -1 + 4 + t + -1?
3
Let n(l) = -l**2 - 3*l. Let i be n(-2). Suppose p = -0*p + i. List the prime factors of p.
2
Let l(h) = -3*h - 5 + h + h - h. Suppose -6*o - 15 = -3*o. List the prime factors of l(o).
5
List the prime factors of 3/(-1) + (23 - -5).
5
Suppose 4*z - 20 = -4*a, -3*z + 4*a = -0*a + 20. Suppose z = -m + 4*b - 2, -4*m = m + 4*b - 14. Suppose -m*f + 36 = 14. What are the prime factors of f?
11
Let w(z) = z**3 - 11*z**2 + 22*z - 9. List the prime factors of w(9).
3
Let r(c) = -5*c**2 - 21*c + 17. Let d(x) = x**2 + 5*x - 4. Let g(f) = -9*d(f) - 2*r(f). List the prime factors of g(4).
2, 3
Suppose 0 = -2*b + 6*b - 4. Let n = 1 - b. Suppose n*i - 29 = -2*d